{"id":1892,"date":"2020-09-15T16:16:33","date_gmt":"2020-09-15T16:16:33","guid":{"rendered":"https:\/\/dynokraft.de\/page2\/?page_id=1892"},"modified":"2021-11-29T15:51:05","modified_gmt":"2021-11-29T15:51:05","slug":"adaq-kontroller","status":"publish","type":"page","link":"https:\/\/dynokraft.de\/page2\/adaq-kontroller\/?lang=de","title":{"rendered":"ADAQ Kontroller"},"content":{"rendered":"<p>[vc_row css=&#8221;.vc_custom_1562434276401{border-top-width: 20px !important;}&#8221;][vc_column width=&#8221;1\/2&#8243;][vc_images_carousel images=&#8221;1895,1897,1899&#8243; img_size=&#8221;large&#8221; speed=&#8221;2500&#8243; autoplay=&#8221;yes&#8221; wrap=&#8221;yes&#8221;][\/vc_column][vc_column width=&#8221;1\/2&#8243;][vc_column_text]<\/p>\n<h4>ADAQbase<\/h4>\n<p>Das Kernmodul von ADAQ System. Unterst\u00fctz alle Arten von Leistungspr\u00fcfst\u00e4nde.<br \/>\nDieses Modul ist nur mit neue dynoKRAFT Pr\u00fcfst\u00e4nde verf\u00fcgbar.<\/p>\n<p>&nbsp;<\/p>\n<h4>Features:<\/h4>\n<p>&#8211; einstellbarer Bremsreglerausgang (PWM, RC-Impuls, analog)<br \/>\n&#8211; 2x W\u00e4gezelleneingang<br \/>\n&#8211; 2x Drehzahleingang<br \/>\n&#8211; 3x frei programmierbarer 0-5V DC Eingang<br \/>\n&#8211; 1x Thermoelementeingang<br \/>\n&#8211; eingebaute Wetterstation<br \/>\n&#8211; schnelle USB-C-Verbindung[\/vc_column_text][\/vc_column][vc_column][vc_separator color=&#8221;green&#8221;][\/vc_column][\/vc_row][vc_row css=&#8221;.vc_custom_1562434276401{border-top-width: 20px !important;}&#8221;][vc_column width=&#8221;1\/2&#8243;][vc_images_carousel images=&#8221;1903,1905,1907&#8243; img_size=&#8221;large&#8221; speed=&#8221;2500&#8243; autoplay=&#8221;yes&#8221; wrap=&#8221;yes&#8221;][\/vc_column][vc_column width=&#8221;1\/2&#8243;][vc_column_text]<\/p>\n<h4>ADAQexiom<\/h4>\n<p>Inhouse von dynoKRAFT-Ingenieuren entworfen. Ein Erweiterungsmodul mit zus\u00e4tzlichen Eingangs- und Ausgangskan\u00e4len sowie Relaissteuerung. Bis zu zwei Module k\u00f6nnen gleichzeitig verwendet werden und bieten insgesamt 10 zus\u00e4tzliche Eingangskan\u00e4le!<\/p>\n<p>&nbsp;<\/p>\n<h4>Features:<\/h4>\n<p>&#8211; 5x frei programmierbarer 0-5V DC Eingang<br \/>\n&#8211; 4x Relais 24V 5A max<br \/>\n&#8211; 1x PWM-L\u00fcftersteuerausgang (drehzahlabh\u00e4ngige K\u00fchlung)<br \/>\n&#8211; von dynoKRAFT kontinuierlich entwickeltes Software-Plugin[\/vc_column_text][\/vc_column][vc_column][vc_separator color=&#8221;green&#8221;][\/vc_column][\/vc_row][vc_row css=&#8221;.vc_custom_1562434276401{border-top-width: 20px !important;}&#8221;][vc_column width=&#8221;1\/2&#8243;][vc_images_carousel images=&#8221;1910&#8243; img_size=&#8221;large&#8221; speed=&#8221;2500&#8243; autoplay=&#8221;yes&#8221; wrap=&#8221;yes&#8221;][\/vc_column][vc_column width=&#8221;1\/2&#8243;][vc_column_text]<\/p>\n<h4>ADAQpower<\/h4>\n<p>Ein neu entwickeltes Wirbelstrombremsen-Netzteil zeichnet sich durch moderne Konstruktionsprinzipien aus und bietet zuverl\u00e4ssigen Betrieb.<\/p>\n<p>&nbsp;<\/p>\n<h4>Features:<\/h4>\n<p>&#8211; 30 Ampere<br \/>\n&#8211; Kalibrierte lineare Stromregelung<br \/>\n&#8211; Hochgeschwindigkeits-SCR-basiertes Design<br \/>\n&#8211; Hochgeschwindigkeitsentladung<br \/>\n&#8211; Bluetooth V4.0 (BLE) Telemetrie (Status\u00fcberwachung und Einstellungen)<br \/>\n&#8211; Strom\u00fcberlastung und Temperaturschutz<br \/>\n&#8211; LED-Statusanzeigen<br \/>\n&#8211; Geh\u00e4use mit integriertem K\u00fchlk\u00f6rper, l\u00fcfterloses Design<br \/>\n&#8211; Interne Leitungs- und Lastfilter zur Minimierung der Ger\u00e4uschentwicklung<br \/>\n&#8211; \u00dcbergro\u00dfe Komponenten in Bezug auf Strom- und Spannungswerte<br \/>\n&#8211; Sehr schneller und zuverl\u00e4ssiger Betrieb[\/vc_column_text][\/vc_column][vc_column][vc_separator color=&#8221;green&#8221;][\/vc_column][\/vc_row][vc_row css=&#8221;.vc_custom_1562434276401{border-top-width: 20px !important;}&#8221;][vc_column width=&#8221;1\/2&#8243;][vc_images_carousel images=&#8221;2240,2242&#8243; img_size=&#8221;large&#8221; speed=&#8221;2500&#8243; autoplay=&#8221;yes&#8221; wrap=&#8221;yes&#8221;][\/vc_column][vc_column width=&#8221;1\/2&#8243;][vc_column_text]<\/p>\n<h4>ADAQremote<\/h4>\n<p>Mit dieser wunderbaren OLED-Fernbedienung k\u00f6nnen bis zu 4 Keysets in einer dedizierten Software vorkonfiguriert werden. Der Drehknopf ist zur Auswahl des Drehzahl-Zielwerts in vordefinierten Schritten zugewiesen.<\/p>\n<p>Diese Fernbedienung wird mit USB-Dongle und Softcase geliefert.<\/p>\n<h4>Features:<\/h4>\n<p>&#8211; OLED-Display<br \/>\n&#8211; 8 Tasten und ein Drehknopf<br \/>\n&#8211; Bis zu 4 frei programmierbare Tastens\u00e4tze<br \/>\n&#8211; Soft-Case<br \/>\n&#8211; USB-Dongle mit Typ-C-Adapter[\/vc_column_text][\/vc_column][vc_column][vc_separator color=&#8221;green&#8221;][\/vc_column][\/vc_row]<\/p>\n","protected":false},"excerpt":{"rendered":"<p>[vc_row css=&#8221;.vc_custom_1562434276401{border-top-width: 20px !important;}&#8221;][vc_column width=&#8221;1\/2&#8243;][vc_images_carousel images=&#8221;1895,1897,1899&#8243; img_size=&#8221;large&#8221; speed=&#8221;2500&#8243; autoplay=&#8221;yes&#8221; wrap=&#8221;yes&#8221;][\/vc_column][vc_column width=&#8221;1\/2&#8243;][vc_column_text] ADAQbase Das Kernmodul von ADAQ System. Unterst\u00fctz alle Arten von Leistungspr\u00fcfst\u00e4nde. Dieses Modul ist nur<span class=\"excerpt-hellip\"> [\u2026]<\/span><\/p>\n","protected":false},"author":1,"featured_media":0,"parent":0,"menu_order":0,"comment_status":"closed","ping_status":"closed","template":"","meta":[],"_links":{"self":[{"href":"https:\/\/dynokraft.de\/page2\/wp-json\/wp\/v2\/pages\/1892"}],"collection":[{"href":"https:\/\/dynokraft.de\/page2\/wp-json\/wp\/v2\/pages"}],"about":[{"href":"https:\/\/dynokraft.de\/page2\/wp-json\/wp\/v2\/types\/page"}],"author":[{"embeddable":true,"href":"https:\/\/dynokraft.de\/page2\/wp-json\/wp\/v2\/users\/1"}],"replies":[{"embeddable":true,"href":"https:\/\/dynokraft.de\/page2\/wp-json\/wp\/v2\/comments?post=1892"}],"version-history":[{"count":17,"href":"https:\/\/dynokraft.de\/page2\/wp-json\/wp\/v2\/pages\/1892\/revisions"}],"predecessor-version":[{"id":2245,"href":"https:\/\/dynokraft.de\/page2\/wp-json\/wp\/v2\/pages\/1892\/revisions\/2245"}],"wp:attachment":[{"href":"https:\/\/dynokraft.de\/page2\/wp-json\/wp\/v2\/media?parent=1892"}],"curies":[{"name":"wp","href":"https:\/\/api.w.org\/{rel}","templated":true}]}}