{"id":1157,"date":"2019-03-11T10:50:31","date_gmt":"2019-03-11T10:50:31","guid":{"rendered":"https:\/\/dynokraft.de\/page2\/start\/"},"modified":"2021-11-29T13:15:32","modified_gmt":"2021-11-29T13:15:32","slug":"start","status":"publish","type":"page","link":"https:\/\/dynokraft.de\/page2\/start\/?lang=de","title":{"rendered":"Start"},"content":{"rendered":"<p>[vc_row full_width=&#8221;stretch_row&#8221;][vc_column][rev_slider_vc alias=&#8221;agro&#8221;][\/vc_column][\/vc_row][vc_row][vc_column width=&#8221;1\/2&#8243;][vc_custom_heading text=&#8221;Entwickelt und gebaut in Deutschland &#8230;&#8221; font_container=&#8221;tag:h3|text_align:left|color:%23000000&#8243; use_theme_fonts=&#8221;yes&#8221;][vc_custom_heading text=&#8221;&#8230; Zuverl\u00e4ssigkeit und Messgenauigkeit sind Standard!&#8221; font_container=&#8221;tag:h4|text_align:right|color:%2332cd32&#8243; use_theme_fonts=&#8221;yes&#8221; css=&#8221;.vc_custom_1552053021319{padding-top: 10px !important;padding-right: 18px !important;}&#8221;][vc_row_inner css=&#8221;.vc_custom_1552052936003{padding-top: 30px !important;}&#8221;][vc_column_inner width=&#8221;1\/2&#8243;][vc_column_text]Dank der \u00fcber 10-j\u00e4hrigen Erfahrung im Ingenieurbereich bieten dynoKRAFT-Rollenpr\u00fcfst\u00e4nde h\u00f6chste Qualit\u00e4t, Messgenauigkeit und Pr\u00e4zision in Kombination mit einzigartigen Funktionen.<\/p>\n<h5><b><span style=\"color: #32cd32;\">H\u00f6chstm\u00f6gliche Messkonsistenz \u2013 garantiert!<\/span><\/b><\/h5>\n<p>[\/vc_column_text][\/vc_column_inner][vc_column_inner width=&#8221;1\/2&#8243;][vc_column_text]<\/p>\n<h5><b><span style=\"color: #32cd32;\">Kostenloser Support auch nach Ablauf der Gew\u00e4hrleistung!<\/span><\/b><\/h5>\n<p>dynoKRAFT ist einer der wenigen europ\u00e4ischen Pr\u00fcfstandshersteller, der einen kostenlosen Produktsupport nach der Gew\u00e4hrleistungszeit anbietet.[\/vc_column_text][\/vc_column_inner][\/vc_row_inner][vc_custom_heading text=&#8221;Folge uns auf:&#8221; font_container=&#8221;tag:h5|text_align:left&#8221; use_theme_fonts=&#8221;yes&#8221; css=&#8221;.vc_custom_1552299154993{padding-top: 30px !important;}&#8221;][vc_row_inner][vc_column_inner width=&#8221;1\/6&#8243;][vc_icon icon_fontawesome=&#8221;fa fa-facebook-official&#8221; align=&#8221;right&#8221; link=&#8221;url:https%3A%2F%2Fwww.facebook.com%2FdynoKRAFT.Deutschland%2F||target:%20_blank|&#8221;][\/vc_column_inner][vc_column_inner width=&#8221;1\/6&#8243;][vc_icon icon_fontawesome=&#8221;fa fa-youtube&#8221; color=&#8221;juicy_pink&#8221; link=&#8221;url:https%3A%2F%2Fwww.youtube.com%2Fchannel%2FUCUWWJ7P2RM0oola3647Orxg||target:%20_blank|&#8221;][\/vc_column_inner][\/vc_row_inner][\/vc_column][vc_column width=&#8221;1\/2&#8243;][vc_images_carousel images=&#8221;384,397,173&#8243; img_size=&#8221;full&#8221; onclick=&#8221;link_no&#8221; speed=&#8221;2000&#8243; autoplay=&#8221;yes&#8221; wrap=&#8221;yes&#8221;][\/vc_column][\/vc_row][vc_row full_width=&#8221;stretch_row&#8221; parallax=&#8221;content-moving&#8221; parallax_image=&#8221;218&#8243;][vc_column][vc_single_image image=&#8221;213&#8243; img_size=&#8221;80&#215;74&#8243; alignment=&#8221;center&#8221; css=&#8221;.vc_custom_1552301626918{padding-top: 30px !important;}&#8221;][vc_custom_heading text=&#8221;dynoKRAFT bietet eine einzigartige Kombination aus h\u00f6chster Verarbeitungsqualit\u00e4t und hervorragendem Kundenservice.&#8221; font_container=&#8221;tag:h3|text_align:center|color:%23ffffff&#8221; use_theme_fonts=&#8221;yes&#8221; css=&#8221;.vc_custom_1552295357374{padding-bottom: 30px !important;}&#8221;][vc_custom_heading text=&#8221;Einer von vielen Gr\u00fcnden, warum sich viele High-Level- und OEM-Kunden f\u00fcr dynoKRAFT entschieden haben.&#8221; font_container=&#8221;tag:h3|text_align:center|color:%23ffffff&#8221; use_theme_fonts=&#8221;yes&#8221; css=&#8221;.vc_custom_1638191446394{padding-bottom: 30px !important;}&#8221;][vc_row_inner][vc_column_inner width=&#8221;1\/4&#8243;][\/vc_column_inner][vc_column_inner width=&#8221;1\/2&#8243;][vc_separator color=&#8221;green&#8221; style=&#8221;dotted&#8221; border_width=&#8221;2&#8243; el_id=&#8221;separator_green&#8221; el_class=&#8221;separator_green&#8221;][\/vc_column_inner][vc_column_inner width=&#8221;1\/4&#8243;][\/vc_column_inner][\/vc_row_inner][\/vc_column][\/vc_row][vc_row][vc_column][vc_column_text][\/vc_column_text][\/vc_column][\/vc_row][vc_row css=&#8221;.vc_custom_1552298886708{padding-bottom: 50px !important;}&#8221;][vc_column width=&#8221;1\/2&#8243;][vc_custom_heading text=&#8221;Treten Sie unserem H\u00e4ndlernetzwerk bei.&#8221; font_container=&#8221;tag:p|text_align:center|color:%2332cd32&#8243; use_theme_fonts=&#8221;yes&#8221;][vc_custom_heading text=&#8221;H\u00c4NDLER WERDEN&#8221; font_container=&#8221;tag:h2|text_align:center|color:%23000000&#8243; google_fonts=&#8221;font_family:Exo%3A100%2C100italic%2C200%2C200italic%2C300%2C300italic%2Cregular%2Citalic%2C500%2C500italic%2C600%2C600italic%2C700%2C700italic%2C800%2C800italic%2C900%2C900italic|font_style:400%20regular%3A400%3Anormal&#8221;][vc_single_image image=&#8221;116&#8243; img_size=&#8221;full&#8221; alignment=&#8221;center&#8221;][vc_btn title=&#8221;Bewerben Sie sich jetzt&#8221; shape=&#8221;square&#8221; color=&#8221;green&#8221; align=&#8221;center&#8221; link=&#8221;url:https%3A%2F%2Fdynokraft.de%2Fpage2%2Fbecome-a-dealer%2F%3Flang%3Dde|&#8221;][\/vc_column][vc_column width=&#8221;1\/2&#8243;][vc_custom_heading text=&#8221;Wie k\u00f6nnen wir Ihnen helfen?&#8221; font_container=&#8221;tag:p|text_align:center|color:%2332cd32&#8243; use_theme_fonts=&#8221;yes&#8221;][vc_custom_heading text=&#8221;SUPPORT CENTER&#8221; font_container=&#8221;tag:h2|text_align:center|color:%23000000&#8243; google_fonts=&#8221;font_family:Exo%3A100%2C100italic%2C200%2C200italic%2C300%2C300italic%2Cregular%2Citalic%2C500%2C500italic%2C600%2C600italic%2C700%2C700italic%2C800%2C800italic%2C900%2C900italic|font_style:400%20regular%3A400%3Anormal&#8221;][vc_single_image image=&#8221;116&#8243; img_size=&#8221;full&#8221; alignment=&#8221;center&#8221;][vc_btn title=&#8221;Supportanfrage&#8221; shape=&#8221;square&#8221; color=&#8221;green&#8221; align=&#8221;center&#8221; link=&#8221;url:https%3A%2F%2Fsupport.dynokraft.de%2Fportal%2Fhome|target:%20_blank|&#8221;][\/vc_column][\/vc_row]<\/p>\n","protected":false},"excerpt":{"rendered":"<p>[vc_row full_width=&#8221;stretch_row&#8221;][vc_column][rev_slider_vc alias=&#8221;agro&#8221;][\/vc_column][\/vc_row][vc_row][vc_column width=&#8221;1\/2&#8243;][vc_custom_heading text=&#8221;Entwickelt und gebaut in Deutschland &#8230;&#8221; font_container=&#8221;tag:h3|text_align:left|color:%23000000&#8243; use_theme_fonts=&#8221;yes&#8221;][vc_custom_heading text=&#8221;&#8230; Zuverl\u00e4ssigkeit und Messgenauigkeit sind Standard!&#8221; font_container=&#8221;tag:h4|text_align:right|color:%2332cd32&#8243; use_theme_fonts=&#8221;yes&#8221; css=&#8221;.vc_custom_1552053021319{padding-top: 10px !important;padding-right: 18px !important;}&#8221;][vc_row_inner css=&#8221;.vc_custom_1552052936003{padding-top:<span class=\"excerpt-hellip\"> [\u2026]<\/span><\/p>\n","protected":false},"author":1,"featured_media":0,"parent":0,"menu_order":0,"comment_status":"open","ping_status":"open","template":"","meta":[],"_links":{"self":[{"href":"https:\/\/dynokraft.de\/page2\/wp-json\/wp\/v2\/pages\/1157"}],"collection":[{"href":"https:\/\/dynokraft.de\/page2\/wp-json\/wp\/v2\/pages"}],"about":[{"href":"https:\/\/dynokraft.de\/page2\/wp-json\/wp\/v2\/types\/page"}],"author":[{"embeddable":true,"href":"https:\/\/dynokraft.de\/page2\/wp-json\/wp\/v2\/users\/1"}],"replies":[{"embeddable":true,"href":"https:\/\/dynokraft.de\/page2\/wp-json\/wp\/v2\/comments?post=1157"}],"version-history":[{"count":14,"href":"https:\/\/dynokraft.de\/page2\/wp-json\/wp\/v2\/pages\/1157\/revisions"}],"predecessor-version":[{"id":2229,"href":"https:\/\/dynokraft.de\/page2\/wp-json\/wp\/v2\/pages\/1157\/revisions\/2229"}],"wp:attachment":[{"href":"https:\/\/dynokraft.de\/page2\/wp-json\/wp\/v2\/media?parent=1157"}],"curies":[{"name":"wp","href":"https:\/\/api.w.org\/{rel}","templated":true}]}}